pose -8 = -2*u, -5*f - 4*u - 12 - 72 = 0. Let t be 1 + (f/25)/(2/20). Let a be (-2 + 1/1)*t/1. Let y(v) = v - 6. Determine y(a).
1
Suppose 0 = 4*t - d + 76, 3*t - 504*d = -499*d - 40. Let c(v) = 6*v + 113. Calculate c(t).
-7
Suppose -2*f - 3*b + 9 = 0, -4*b + 15 = -3*f + 37. Suppose -5*g + 49 = 3*h, g + f + 21 = 4*h. Let t(w) = 10*w - h*w**2 - 4 + 7*w**2 - 1. Determine t(10).
-5
Let w = -88 - -81. Let l(q) = -10*q - 30. Let m(b) = -7*b - 20. Let t(j) = w*m(j) + 5*l(j). What is t(-14)?
4
Let x(n) = 0 + 5*n - n + 1. Suppose 8*t - 63 = -t. Let y(k) = -k**2 - 9*k - 1. Let r(z) = t*x(z) + 3*y(z). What is r(3)?
-20
Let o(s) be the third derivative of -s**5/60 - 17*s**4/12 - 275*s**3/6 + 1276*s**2. Give o(-20).
5
Suppose 5*m + 27 = -n, 5*n - 2*m - 5 = m. Let i(y) = -4*y**3 + 2*y**3 - 33*y**2 + 32*y**2 + y. Calculate i(n).
10
Let f(c) = -44*c + 3. Suppose -20*a + 121 - 101 = 0. Give f(a).
-41
Suppose 0 = 3*p + 2*f - 5 - 9, -2 = -p - 2*f. Let i(l) = 18 + 17 - 29 + p*l + 3*l - 3*l - l**2. Calculate i(6).
6
Let o(j) = -12*j + 1. Let m = 8 + -10. Let q = -687 - -699. Let n be ((-6)/(q/(-7)) + -3)*m. Determine o(n).
13
Let k(l) = 24*l**3 + 154*l**2 + 41*l + 343. Let g(x) = 17*x**3 + 110*x**2 + 29*x + 245. Let z(s) = 17*g(s) - 12*k(s). What is z(-22)?
27
Let x(c) = -c**3 + 21*c**2 - c + 21. Let p be x(21). Let y(l) = l**3 - 59 + 2*l**2 + 56 + 0*l**2 - 2*l + 0*l**2. What is y(p)?
-3
Let s(p) = -6*p**2. Let u(i) = 2*i**3 + i**2 + 2*i + 4. Let x be u(0). Suppose -l - x = -4*q, -4*q - l - 4*l + 28 = 0. What is s(q)?
-24
Let q(v) = -7*v + 35. Suppose 0 = 40*n - 46*n + 24. Let r be q(n). Let g(a) = a**3 - 8*a**2 + 7*a + 8. Calculate g(r).
8
Let u(i) = 2*i + 3. Let g be u(-4). Suppose -2*r - 6 = -r - 4*h, -3*r - 2*h = -38. Let q(c) = -r*c + 15*c - 6*c - 1. What is q(g)?
4
Let z(a) = -a + 1. Let v be z(3). Let h(l) = l**3 - 4*l - 268 + 2*l + 3*l - l**2 + 514 - 245. What is h(v)?
-13
Let b(q) be the second derivative of -q**3 - 197*q**2/2 + 232*q - 3. Calculate b(-30).
-17
Let h(s) = s**3 + 3*s**2 - 6*s + 17. Let g be h(-5). Let y(k) = 5*k**2 + 2*k - 3*k**2 - 2 + 1. Give y(g).
11
Let x(b) be the third derivative of -11/6*b**3 - 1/12*b**4 + 13*b**2 + 10*b + 0. What is x(0)?
-11
Suppose -3 = -0*c + 4*c + 5*a, c - 5*a = -32. Let n(h) = -h**2 - 2*h - 5. Let z(p) = -3*p**2 - 9*p - 16. Let i(u) = c*n(u) + 2*z(u). Calculate i(2).
-1
Let k be ((-7128)/90)/(-9) - 6/(-5). Let z(l) = l**2 - 2*l - 79. Give z(k).
1
Let n(h) be the third derivative of -7*h**4/24 + 11*h**3/6 - 1277*h**2 - h. What is n(6)?
-31
Let v(b) = -3*b + 1. Let k be v(-1). Suppose -k*o + 0*o + 16 = 0. Let s(d) = 6*d**2 + 7*d**2 + 105*d**2 - 112*d**2 - 3*d - 2*d - d**3 - 4. Determine s(o).
8
Suppose 0 = -6*z + 3*z + 9. Suppose 2*v - z = 2*b + 3, v = 2*b + 10. Let r be ((-20)/70)/(1/b). Let i(y) = 5*y + 2. Determine i(r).
12
Let u(q) = -q**2 + 12*q - 3. Let l(g) = -4*g - 6. Let s(a) = -9*a - 15. Let w(k) = -5*l(k) + 2*s(k). Let y(r) = -u(r) + 5*w(r). Calculate y(0).
3
Let a(r) = -r**2 + 9*r + 3. Let z(s) be the third derivative of s**4/6 - 13*s**3/3 - 3*s**2 + 5*s. Let h be z(9). Calculate a(h).
-7
Let u(q) be the first derivative of 30 + 1/3*q**3 - 3/2*q**2 - 6*q. Give u(5).
4
Let v be 1*63 - ((-30)/(-6) - 6). Suppose -v = -x - 65. Let k be x - -9 - (-4)/(-12)*0. Let q(u) = -u - 3. Determine q(k).
-11
Let j(g) = -4*g - 56 + 14 + 79. Calculate j(13).
-15
Let i(v) = 3*v - v + 7 + 7*v + 3*v - v**3 + 8*v**2 - 11*v. What is i(8)?
15
Let c(a) = a**2 + 11*a - 2. Suppose -827 = -21*b - 1079. What is c(b)?
10
Let t(i) = 10*i - 61. Let m be (3/12)/((-13)/(-312)). Calculate t(m).
-1
Let x = -42 - -84. Let d(b) = b**2 + 5*b - 22. Let h be d(-11). Let k = x - h. Let u(z) = 3*z**2 + 2*z - 1. Determine u(k).
7
Let l(z) be the second derivative of -z**3/2 + 7*z**2/2 + 8019*z. Let t = 21 + -12. Determine l(t).
-20
Let a(z) = z**2 + 5*z + 1. Suppose -115 = -175*i + 235. What is a(i)?
15
Let i(s) = s**2 - 8*s + 20. Let y be i(5). Let q(h) = 17*h - 15. Let l(z) = 16*z - 12. Let n(x) = y*q(x) - 6*l(x). Give n(-4).
41
Let j(k) = 2*k - 8. Let i(d) = -d**3 + 4*d - 7. Let l(r) = 6*r**3 + r**2 - 21*r + 34. Let p(g) = 11*i(g) + 2*l(g). Let t be p(2). Calculate j(t).
14
Suppose 9*j - 1562 + 1643 = 0. Let s(a) = -a**3 - 9*a**2 + 3*a - 21. What is s(j)?
-48
Let a be 435/33 - (-6)/(-33). Let s(w) = -37*w + 22. Let q(n) = -104*n + 67. Let p(v) = -5*q(v) + 14*s(v). Calculate p(a).
-1
Let k(x) = 92*x + 834. Suppose -4*u + 5*q + 26 = 22, 5*q + 76 = -4*u. Determine k(u).
6
Suppose 193 - 218 = -5*k. Let a(t) = k*t**2 + 5*t - 4*t**2 + 12 - 9 - 8. What is a(-5)?
-5
Let c be -7*133/(-63) + 4/18. Suppose 15 + 30 = -c*p. Let l(v) = -v**3 - 3*v**2 + 3. Give l(p).
3
Let z(a) = -2*a**3 + 4. Let c(h) = -6*h**2 + 40*h + 12. Let m be c(7). What is z(m)?
20
Let t = 22 - 21. Let l(x) = x**2 + t + 8*x - 4*x - 9*x + 2*x. What is l(4)?
5
Let w(v) = 0*v - 2528*v**2 + 2527*v**2 - v + 12*v - 4*v - 7. Let k = -5 - -5. Let l = k + 5. Give w(l).
3
Let s(u) = 10*u - 27. Let d be s(3). Let y(h) = -h**3 - 7*h**2 + 2*h**d + 4 + 7*h**2 - 5*h + 4*h**2. Determine y(-5).
4
Let c(w) be the second derivative of -w**4/12 + 5*w**3/3 - 5*w**2 + 2127*w. Calculate c(8).
6
Let x(m) = m**3 - 7*m**2 - 15*m + 61. Let w be x(8). Let v(u) = -3*u + 10. Let g(p) = 1. Let f(t) = 5*g(t) - v(t). What is f(w)?
10
Suppose 0 = -4*f + 3*q + 1, f - 4*q + 3 = 0. Let x(g) be the first derivative of -g**4/4 + g**2/2 + 76. Let v be x(f). Let j(b) = b**2 - b + 3. Determine j(v).
3
Let h(m) = -22*m - 36. Suppose 5*t - 10 = 0, -3*t + 12 = -110*p + 107*p. What is h(p)?
8
Let m(y) = 6*y**2 - 21*y + 19. Let o(s) = 17*s**2 + 19 + 19*s**2 - 22*s + 13*s**2 - 42*s**2. Let d(j) = -6*m(j) + 5*o(j). Give d(14).
9
Let f(w) = 1 + w**2 + 5*w - 2*w + 0. Let z be f(-4). Let d(j) = 2*j + 3. Let u(y) = 3*y + 5. Let q(a) = -5*d(a) + 3*u(a). Determine q(z).
-5
Let m(x) = -x**3 - 9*x**2 - x - 18. Suppose 13*u - 9*u + 36 = 0. Calculate m(u).
-9
Suppose w - 15 = -2*w. Let y(v) be the first derivative of -v**4/24 - v**3/6 + 41*v**2/2 - 127. Let p(c) be the second derivative of y(c). Determine p(w).
-6
Let k be 21033/(-1539) + (-4)/(-6) - -15. Let t(a) = a**2 + a + 1. Let s(g) = -g**2 + 6*g + 6. Let m(c) = s(c) - 6*t(c). Give m(k).
-28
Let y(p) be the second derivative of -p**3/6 - 15*p**2 + 4638*p. What is y(-6)?
-24
Let z(k) = -k**3 + 6*k**2 - k - 6. Suppose 0 = 7*n - 0*n - 140. Let b be 4 + -2 - (n + -24). What is z(b)?
-12
Let q(m) = 3*m - 15. Let o(a) = a**3 + 15*a**2 + 44*a - 64. Let c be o(-6). Determine q(c).
-27
Let l(i) = 4*i - 1. Suppose -8*k = -10*k + 8. Suppose -2*g + k*c + 66 = 0, -5*g - 5*c + 105 = -0*g. Suppose 7 - 30 = a - 5*d, 5*a + 3*d - g = 0. What is l(a)?
7
Let l = -6 + 3. Let d(g) be the third derivative of 3*g**4/8 - 7*g**3/6 + 66*g**2 - g. Let o(i) = -26*i + 20. Let f(v) = l*o(v) - 8*d(v). What is f(3)?
14
Let s(w) = -2*w**3 - 2*w**2 - 4*w + 4. Let b be (-12)/(-78) + (-205)/195*3. Give s(b).
52
Let p(b) = b**2 - 3*b + 1. Let d be 2/((-194)/(-190) + -1). Suppose 377 = 9*u + 1196. Let x = u + d. What is p(x)?
5
Let u = 52 + -54. Let m be -3 + (3 - 4)/(u/8). Let f(x) = -9*x + m + 4*x + 6*x**2 + 6*x. Determine f(-1).
6
Let b(k) be the second derivative of 1/3*k**3 - 1/2*k**2 + 1/3*k**4 + 0 - 4*k. Suppose -20 = -3*y - 17. What is b(y)?
5
Suppose -n - 4*n + 3*w = -25, -4 = 3*n + 2*w. Let o(r) = -2*r + 8*r**2 - 7*r - n*r**2 - 4*r**2. Give o(6).
18
Let y(h) be the third derivative of h**5/60 + h**4/6 - h**3/6 - 11819*h**2. Suppose 0*f = 2*w + 4*f - 2, -2*w - f - 4 = 0. Give y(w).
-4
Let j(b) = b**3 + 3*b**2 - 10*b - 1. Let n be 0*((-7)/(-14) - 0). Suppose n = -g + 4*x - 13, -32*x + 28*x = -3*g - 23. What is j(g)?
-1
Let v(h) = -37*h**2 - 257*h + 9. Let i = -3980 + 3973. Calculate v(i).
-5
Suppose -879 = -b - 734. Let m = -141 + b. Let f(c) = -c**3 + 4*c**2 + c + 4. What is f(m)?
8
Let s(i) be the third derivative of 2/3*i**3 + 1/3*i**4 + 1/120*i**6 + 0*i + 2*i**2 + 1/12*i**5 + 21. What is s(-5)?
-36
Let x(h) = h**2 + 9*h - 5. Let q(c) = -150*c - 16. Let w be q(-3). Let z = w - 443. Determine x(z).
-5
Suppose -46*q + 41*q + 10 = 0. Suppose 0 = -q*z + 2*y - 28, 20*z - y + 41 = 16*z. Let n(a) = -a**3 - 8*a**2 + 8*a - 3. What is n(z)?
6
Let x = 217 - 205. Let z be (2 - -5) + -6 + x + -5. Let b(u) = -2*u. What 